{"id":103,"date":"2026-05-07T11:15:05","date_gmt":"2026-05-07T11:15:05","guid":{"rendered":"https:\/\/staging2.oz-onlinehandel.de\/?page_id=103"},"modified":"2026-05-07T12:48:33","modified_gmt":"2026-05-07T12:48:33","slug":"coaching-fuer-fuehrungskraefte","status":"publish","type":"page","link":"https:\/\/staging2.oz-onlinehandel.de\/?page_id=103","title":{"rendered":"Coaching f\u00fcr F\u00fchrungskr\u00e4fte"},"content":{"rendered":"","protected":false},"excerpt":{"rendered":"","protected":false},"author":1,"featured_media":0,"parent":0,"menu_order":0,"comment_status":"closed","ping_status":"closed","template":"","meta":{"_crdt_document":"{\"document\":\"AAAGx8u34A0CBAiGAQAADygDJwAEACcBKAQnACgBJ7UClQJzdGF0ZXZlcnNpb25kb2N1bWVudGRhdGVkb2N1bWVudHNsdWdkb2N1bWVudHN0YXR1c2RvY3VtZW50dGl0bGVDb2FjaGluZyBmw7xyIEbDvGhydW5nc2tyw6RmdGVkb2N1bWVudGNvbnRlbnRkb2N1bWVudGV4Y2VycHRkb2N1bWVudGF1dGhvcmRvY3VtZW50ZmVhdHVyZWRfbWVkaWFkb2N1bWVudGNvbW1lbnRfc3RhdHVzZG9jdW1lbnRwaW5nX3N0YXR1c2RvY3VtZW50dGVtcGxhdGVkb2N1bWVudG1ldGFncmV5ZF9ibG9ja19lZGl0b3JfcHJldmlld2Zvb3Rub3Rlc2RvY3VtZW50YmxvY2tzBQcIBAgECAYIBRsIBwgHCAYIDggOCAtIAQQaCQgGCQEEAAABBwABAQRCAQEAAkEJAREAfQF3EzIwMjYtMDUtMDdUMTE6MTU6MDV3HmNvYWNoaW5nLWZ1ZXItZnVlaHJ1bmdza3JhZWZ0ZXcHcHVibGlzaH0BfQB3BmNsb3NlZHcGY2xvc2VkdwB1AHcAAA==\",\"updateId\":83707662}","greyd_block_editor_preview":[],"footnotes":""},"class_list":["post-103","page","type-page","status-publish","hentry"],"_links":{"self":[{"href":"https:\/\/staging2.oz-onlinehandel.de\/index.php?rest_route=\/wp\/v2\/pages\/103","targetHints":{"allow":["GET"]}}],"collection":[{"href":"https:\/\/staging2.oz-onlinehandel.de\/index.php?rest_route=\/wp\/v2\/pages"}],"about":[{"href":"https:\/\/staging2.oz-onlinehandel.de\/index.php?rest_route=\/wp\/v2\/types\/page"}],"author":[{"embeddable":true,"href":"https:\/\/staging2.oz-onlinehandel.de\/index.php?rest_route=\/wp\/v2\/users\/1"}],"replies":[{"embeddable":true,"href":"https:\/\/staging2.oz-onlinehandel.de\/index.php?rest_route=%2Fwp%2Fv2%2Fcomments&post=103"}],"version-history":[{"count":1,"href":"https:\/\/staging2.oz-onlinehandel.de\/index.php?rest_route=\/wp\/v2\/pages\/103\/revisions"}],"predecessor-version":[{"id":138,"href":"https:\/\/staging2.oz-onlinehandel.de\/index.php?rest_route=\/wp\/v2\/pages\/103\/revisions\/138"}],"wp:attachment":[{"href":"https:\/\/staging2.oz-onlinehandel.de\/index.php?rest_route=%2Fwp%2Fv2%2Fmedia&parent=103"}],"curies":[{"name":"wp","href":"https:\/\/api.w.org\/{rel}","templated":true}]}}